{"id":5099,"date":"2016-07-26T16:41:34","date_gmt":"2016-07-26T16:41:34","guid":{"rendered":"https:\/\/www.gallerycarrile.es\/blog-zapatos-marca\/?page_id=5099"},"modified":"2020-06-18T08:09:52","modified_gmt":"2020-06-18T08:09:52","slug":"aviso-legal","status":"publish","type":"page","link":"https:\/\/www.gallerycarrile.es\/blog-zapatos-marca\/aviso-legal\/","title":{"rendered":"Aviso Legal"},"content":{"rendered":"<u>RECONOCIMIENTO Y ACEPTACI\u00d3N DE LAS CONDICIONES DE USO:<\/u>\nEl acceso a este sitio Web, su uso y la compra de cualquiera de los art\u00edculos de Gallerycarrile.es presupone la lectura, el conocimiento y la aceptaci\u00f3n de las presentes Condiciones Generales, en la versi\u00f3n publicada en la presente p\u00e1gina, en el momento en el que usuario acceda a ella. Estas Condiciones Generales de Uso podr\u00e1n ser modificadas con el fin de adecuarlas a la legislaci\u00f3n vigente aplicable en cada momento, por lo que el Usuario debe leer atentamente el presente aviso legal en cada una de las ocasiones en que se proceda a utilizar el sitio Web Gallerycarrile.es. Si no est\u00e1 de acuerdo con ellas le rogamos no utilice Gallerycarrile.es.\n\n<u>DATOS DE LA EMPRESA<\/u>.\nEn cumplimiento de la Ley 34\/2002, de 11 de julio, de servicios de la sociedad de la informaci\u00f3n y de comercio electr\u00f3nico, Vernice Argento S.L le informa de que es titular del website WWW.GALLERYCARRILE.ES. De acuerdo con la exigencia del art\u00edculo 10 de la citada Ley, VERNICE ARGENTO, S.L. informa de los siguientes datos: El titular de esta pagina Web es\u00a0VERNICE ARGENTO, S.L.\u00a0 con CIF B99180978 y domicilio social en C\/ MADRE VEDRUNA N\u00ba 2, 50008 ZARAGOZA. La direcci\u00f3n de correo electr\u00f3nico de contacto con la empresa es <a href=\"mailto:info@carrile.es\">info@gallerycarrile.es<\/a>.\n\nGALLERYCARRILE.ES \u00a0dispone, adem\u00e1s de este sitio Web, de un establecimiento situados en Zaragoza:\n<ul>\n \t<li>Gallery Carrile, c\/ Madre Vedruna N\u00ba 2, 50.008. Zaragoza.<\/li>\n<\/ul>\n<u>DESCRIPCI\u00d3N DEL SERVICIO<\/u>.\nLos servicios prestados por GALLERYCARRILE.ES son de venta de productos a distancia a trav\u00e9s de Internet. El Titular pone a disposici\u00f3n del Usuario el servicio Web de car\u00e1cter gratuito para la informaci\u00f3n y escaparate virtual de los productos. Los precios de los productos est\u00e1n fijados en cada art\u00edculo y son visibles antes de la adquisici\u00f3n del producto desde nuestro servicio.\nLos precios expuestos en el servicio GALLERYCARRILE.ES, llevan el 21% de IVA incluido. Los precios reflejados en la p\u00e1gina son los precios definitivos salvo error tipogr\u00e1fico. Los productos rebajados o con descuento aparecen marcados como tal en color diferente.\nTodos los precios est\u00e1n expresados en Euros.\nGALLERYCARRILE.ES se reserva el derecho de modificar el precio de cualquier producto sin previo aviso.\nLa informaci\u00f3n general y de ayuda sobre la compra, gastos de env\u00edo, medios de pago y devoluciones puede visualizarse en la parte inferior derecha de la propia p\u00e1gina Web.\nGALLERYCARRILE.ES podr\u00e1, en un futuro, proporcionar al Usuario nuevos contenidos, servicios, productos o facilidades adicionales, sean o no gratuitas, que incrementen las prestaciones disponibles para el Usuario.\nA su vez, GALLERYCARRILE.ES se reserva el derecho de cancelar unilateralmente cualquiera de los contenidos, servicios o utilidades incorporadas al servicio GALLERYCARRILE.ES\nSi necesita informaci\u00f3n o ayuda referente a los productos, los pedidos, los env\u00edos, las devoluciones, as\u00ed como para cualquier sugerencia que quisiera realizarnos puede ponerse en contacto con nosotros escribiendo a la direcci\u00f3n de corr\u00e9o electr\u00f3nico:\n<a href=\"mailto:info@carrile.es\">info@gallerycarrile.es<\/a>\n\n<u>GARANTIA PRODUCTOS.<\/u>\nLos clientes de GALLERYCARRILE.ES, se benefician de la garant\u00eda dada por los distintos fabricantes de cada uno de los art\u00edculos.\nLos defectos o desperfectos debidos a una incorrecta utilizaci\u00f3n o manipulaci\u00f3n del material o los desgastes producidos por un uso normal del mismo, no se incluyen en esta garant\u00eda.\nLas mermas en la funcionalidad de los art\u00edculos, debidas a las limitaciones de concepci\u00f3n de los mismos, tambi\u00e9n est\u00e1n excluidas de la cobertura de esta garant\u00eda.\n\n<u>POL\u00cdTICA DE PRIVACIDAD.<\/u>\nEl Usuario declara que acepta plenamente la Protecci\u00f3n de Datos del servicio GALLERYCARRILE.ES que puede visualizarse en la propia p\u00e1gina web.\nUSO DE NUESTROS PRODUCTOS GALLERYCARRILE.ES no se responsabiliza del mal uso que se realice de los productos adquiridos a trav\u00e9s de nuestra p\u00e1gina web, siendo exclusiva responsabilidad de la persona que los adquiera.\n\n<u>MODIFICACIONES EN LAS CONDICIONES DEL SERVICIO.<\/u>\nEl Usuario acepta que GALLERYCARRILE.ES podr\u00e1, cuando lo considere conveniente, realizar correcciones, mejoras o modificaciones en la Informaci\u00f3n o los Servicios, sin que ello de lugar, ni derecho a ninguna reclamaci\u00f3n o indemnizaci\u00f3n, ni implique reconocimiento de responsabilidad alguna.\nLa utilizaci\u00f3n de GALLERYCARRILE.ES por parte del Usuario constituir\u00e1 una ratificaci\u00f3n del presente documento, con las modificaciones y cambios que se hubieran introducido.\nPor las mismas razones anteriormente mencionadas, GALLERYCARRILE.ES se reserva el derecho de modificar o interrumpir el Servicio GALLERYCARRILE.ES en todo o en parte, habiendo mediado o no notificaci\u00f3n al Usuario.\nGALLERYCARRILE.ES no ser\u00e1 responsable ante el Usuario ni ante terceros por haber ejercitado su derecho de modificar o interrumpir el Servicio GALLERYCARRILE.ES.\n<u>EXONERACI\u00d3N DE RESPONSABILIDAD.<\/u>\nGALLERYCARRILE.ES, no asume ninguna responsabilidad que se pueda derivar de problemas t\u00e9cnicos o fallos en los equipos inform\u00e1ticos del Usuario, no imputables a nuestra Sociedad, que se produzcan durante la conexi\u00f3n a la red de Internet , as\u00ed como de da\u00f1os que pudieran ser causados por terceras personas mediante intromisiones ileg\u00edtimas fuera del control de GALLERYCARRILE.ES.\n\n<u>PROHIBICI\u00d3N DE REVENTA O USO COMERCIAL DEL SERVICIO.<\/u>\nLa utilizaci\u00f3n del Servicio es personal para el Usuario \u00fanicamente.\nEl Usuario acepta no ceder ni hacer ning\u00fan tipo de uso comercial del Servicio sin el expreso consentimiento de GALLERYCARRILE.ES.\nUSUARIOS\nEl Usuario es el \u00fanico responsable por el contenido de las transmisiones a trav\u00e9s del Servicio. La utilizaci\u00f3n del servicio por parte del Usuario est\u00e1 sometida a las leyes y reglamentos locales, provinciales, auton\u00f3micos, nacionales e internacionales.\nEl Usuario acepta:\n(1) no utilizar el Servicio con fines il\u00edcitos, ni los prohibidos en este documento.\n(2) no interferir en los sistemas de redes conectados con el Servicio ni desarticularlos.\n(3) atenerse a todos los reglamentos, disposiciones y procedimientos de los sistemas de redes conectados con el Servicio.\nEl Usuario no obstaculizar\u00e1 el uso del Servicio GALLERYCARRILE.ES de otro Usuario ni el uso de servicios similares por parte de otra entidad.\nVERNICE ARGENTO, S.L. podr\u00e1, seg\u00fan su propio criterio, dar por terminado el servicio GALLERYCARRILE.ES de forma inmediata, si la conducta del usuario no fuera acorde con estos t\u00e9rminos y condiciones.\nEl Usuario se compromete a utilizar la pagina en conformidad con la ley y la moral, y a no utilizarlo para actividades il\u00edcitas o constitutivas de delito, ni a atentar contra los derechos de terceros. A su vez, el usuario se compromete a introducir datos ver\u00eddicos.\nA pesar de ello, GALLERYCARRILE.ES se reserva el derecho, bajo su criterio y en cualquier tipo de circunstancia, de cancelar, eliminar o desautorizar la utilizaci\u00f3n de algunos o todos los servicios de la pagina a cualquiera de sus usuarios, a raz\u00f3n de un uso incorrecto o indebido de los mismos, tal y como se detalla en estas condiciones generales o en las particulares de cada servicio. El Usuario garantiza que los Datos Personales facilitados a GALLERYCARRILE.ES son veraces y se hace responsable de comunicar cualquier modificaci\u00f3n en los mismos.\nEl Usuario ser\u00e1 el \u00fanico responsable de cualquier da\u00f1o o perjuicio, directo o indirecto, que pudiera ocasionar a GALLERYCARRILE.ES o a cualquier tercero a causa de la cumplimentaci\u00f3n de los formularios con datos falsos, inexactos, incompletos o no actualizados.\nEl Usuario no deber\u00e1 incluir datos personales de terceros sin su consentimiento informado previo de lo establecido en la presente pol\u00edtica de privacidad, siendo el \u00fanico responsable de su inclusi\u00f3n.\n\n<b>CONDICIONES DE USO<\/b>\n\nUSUARIO Y R\u00c9GIMEN DE RESPONSABILIDADES.\n\nLa navegaci\u00f3n, acceso y uso por el website de VERNICE ARGENTO, S.L. confiere la condici\u00f3n de usuario, por la que se aceptan, desde la navegaci\u00f3n por las p\u00e1ginas de VERNICE ARGENTO, S.L., todas las condiciones de uso aqu\u00ed establecidas sin perjuicio de la aplicaci\u00f3n de la correspondiente normativa de obligado cumplimiento legal seg\u00fan el caso.\nLas p\u00e1ginas Web de VERNICE ARGENTO, S.L. proporcionan gran diversidad de informaci\u00f3n, servicios y datos. El usuario asume su responsabilidad en el uso correcto de el website. Esta responsabilidad se extender\u00e1 a:\nLa veracidad y licitud de las informaciones aportadas por el usuario en los formularios extendidos por VERNICE ARGENTO, S.L. para el acceso a ciertos contenidos o servicios ofrecidos por las webs. Tambi\u00e9n ser\u00e1 responsable del uso que le de a las claves de acceso que haya obtenido con la cumplimentaci\u00f3n de los formularios mencionados.\nEl uso de la informaci\u00f3n, servicios y datos ofrecidos por VERNICE ARGENTO, S.L. contrariamente a lo dispuesto por las presentes condiciones, la Ley, la moral, las buenas costumbres o el orden p\u00fablico, o que de cualquier otro modo puedan suponer lesi\u00f3n de los derechos de terceros o del mismo funcionamiento de el website.\nPOL\u00cdTICA DE ENLACES Y EXENCIONES DE RESPONSABILIDAD\nVERNICE ARGENTO, S.L. no se hace responsable del contenido de las p\u00e1ginas Web a las que el usuario pueda acceder a trav\u00e9s de los enlaces establecidos en su website y declara que en ning\u00fan caso proceder\u00e1 a examinar o ejercitar ning\u00fan tipo de control sobre el contenido de otras p\u00e1ginas de la red.\nAsimismo, tampoco garantizar\u00e1 la disponibilidad t\u00e9cnica, exactitud, veracidad, validez o legalidad de p\u00e1ginas ajenas a su propiedad a las que se pueda acceder por medio de los enlaces.\nVERNICE ARGENTO S.L. declara haber adoptado todas las medidas necesarias para evitar cualesquiera da\u00f1os que, a los usuarios de su website, pudieran derivarse de la navegaci\u00f3n por sus p\u00e1ginas Web. En consecuencia, VERNICE ARGENTO, S.L. no se hace responsable, en ning\u00fan caso, de los eventuales da\u00f1os que por la navegaci\u00f3n por Internet pudiera sufrir el usuario.\n\nMODIFICACIONES\nVERNICE ARGENTO, S.L. se reserva el derecho a realizar las modificaciones que considere oportunas, sin aviso previo, en el contenido de su website. Tanto en lo referente a los contenidos de la website, como en las condiciones de uso de la misma o en las condiciones generales de contrataci\u00f3n. Dichas modificaciones podr\u00e1n realizarse, a trav\u00e9s de su website, de cualquier forma admisible en derecho y ser\u00e1n de obligado cumplimiento durante el tiempo en que se encuentren publicadas en la Web y hasta que no sean modificadas v\u00e1lidamente por otras posteriores.\n\nRESERVA DE COOKIES\nVERNICE ARGENTO, S.L. se reserva el derecho de utilizar cookies en la navegaci\u00f3n del usuario por su website para facilitar la personalizaci\u00f3n y comodidad de la navegaci\u00f3n. Siguiendo la pol\u00edtica de protecci\u00f3n de datos de la empresa, VERNICE ARGENTO, S.L. informa que las cookies se asocian al usuario an\u00f3nimo y a su ordenador, y no proporcionan por s\u00ed el nombre y apellidos del usuario.\nEl usuario tiene la posibilidad de configurar su navegador de modo que se le informe de la recepci\u00f3n de cookies, pudiendo, si as\u00ed lo desea, impedir que sean instaladas en su disco duro. No obstante, para el acceso a la website de VERNICE ARGENTO, S.L. no ser\u00e1 preceptiva la instalaci\u00f3n de cookies.\n\nENLACES EXTERNOS\nEl establecimiento del enlace no implica, necesariamente, la existencia de relaciones entre GALLERYCARRILE.ES y el propietario de la p\u00e1gina web en la que se establezca, as\u00ed como tampoco, la aceptaci\u00f3n y aprobaci\u00f3n por parte de GALLERYCARRILE.ES de sus Contenidos o Servicios.\nGALLERYCARRILE.ES no podr\u00e1 ser considerada en ning\u00fan caso responsable de los contenido de estos sitios Web ni de las medidas que estos adopten relativas a la privacidad o al tratamiento de los datos personales del Usuario.\n\nPROPIEDAD INTELECTUAL Y WEB\nEl usuario reconoce y admite todos los derechos de propiedad intelectual del contenido de esta p\u00e1gina web, su dise\u00f1o gr\u00e1fico, sus textos, sus im\u00e1genes y sus c\u00f3digos fuente, son titularidad exclusiva de GALLERYCARRILE.ES, correspondi\u00e9ndonos el ejercicio exclusivo de los derechos de explotaci\u00f3n de los mismos.\nLos derechos de propiedad intelectual e industrial derivados de todos los textos, im\u00e1genes, as\u00ed como de los medios y formas de presentaci\u00f3n y montaje de sus p\u00e1ginas pertenecen, por s\u00ed o como cesionaria, a VERNICE ARGENTO, S.L. Ser\u00e1n, por consiguiente, obras protegidas como propiedad intelectual por el ordenamiento jur\u00eddico espa\u00f1ol, si\u00e9ndoles aplicables tanto la normativa espa\u00f1ola y comunitaria en este campo, como los tratados internacionales relativos a la materia y suscritos por Espa\u00f1a.\nTodos los derechos reservados. En cumplimiento de la Ley de la Propiedad Intelectual se proh\u00edbe expresamente la reproducci\u00f3n, distribuci\u00f3n, comunicaci\u00f3n p\u00fablica y utilizaci\u00f3n, de la totalidad o parte de los contenidos de sus p\u00e1ginas Web sin el consentimiento expreso de VERNICE ARGENTO, S.L.\n\nACCIONES LEGALES, LEGISLACI\u00d3N APLICABLE Y JURISDICCI\u00d3N\nVERNICE ARGENTO, S.L. se reserva asimismo la facultad de presentar las acciones civiles o penales que considere oportunas por la utilizaci\u00f3n indebida de sus p\u00e1ginas Web y contenidos o por el incumplimiento de las presentes condiciones.\nLa relaci\u00f3n entre el usuario y VERNICE ARGENTO, S.L. se regir\u00e1 por la normativa espa\u00f1ola vigente y ser\u00e1n competentes para decidir sobre cualquier controversia que se pudiera suscitar entre el usuario y VERNICE ARGENTO, S.L., los juzgados o tribunales propios de la localidad de ZARAGOZA.\n\nINDEMNIZACI\u00d3N\nEl Usuario acepta indemnizar y exonerar de toda responsabilidad GALLERYCARRILE.ES y a sus subsidiarios de cualquier reclamaci\u00f3n o demanda, incluidos honorarios razonables de abogados, presentadas por terceros como consecuencia del uso del Servicio GALLERYCARRILE.ES por el Usuario, o por la infracci\u00f3n por parte del Usuario a lo establecido en el presente acuerdo, as\u00ed como tambi\u00e9n por la infracci\u00f3n por el Usuario u otro usuario del Servicio GALLERYCARRILE.ES mediante el ordenador del Usuario, de la propiedad intelectual, industrial o cualquier otro derecho de una persona f\u00edsica o jur\u00eddica.\n\nTERMINACI\u00d3N DE LA RELACI\u00d3N\nTanto el Usuario como el Titular podr\u00e1n dar por finalizado el Servicio en cualquier momento, sin preaviso, con justificaci\u00f3n o sin ella, y tal decisi\u00f3n se har\u00e1 efectiva inmediatamente. El Titular no ser\u00e1 responsable ante el Usuario ni ante terceros por la terminaci\u00f3n del Servicio GALLERYCARRILE.ES.\nEn caso de desacuerdo del Usuario a cualquiera de los t\u00e9rminos y condiciones del presente acuerdo o cualquiera de sus modificaciones, o en caso de no estar satisfecho del, el \u00fanico recurso inmediato que le cabe es:\n(1) interrumpir el uso del servicio.\n(2) cancelar su suscripci\u00f3n al Servicio.\n(3) notificar GALLERYCARRILE.ES la terminaci\u00f3n.\nEn el momento de la terminaci\u00f3n del Servicio cesan inmediatamente los derechos del Usuario a utilizar el Servicio GALLERYCARRILE.ES y el software.\n\nNOTIFICACIONES\nToda notificaci\u00f3n entre las partes deber\u00e1 efectuarse por escrito y enviarse ya sea por E-mail o por el sistema de correos.\nEl Titular podr\u00e1 transmitir notificaciones o mensajes a trav\u00e9s del Servicio a fin de informar al Usuario acerca de los cambios introducidos en el presente acuerdo, el Servicio GALLERYCARRILE.ES u otros temas de importancia.\nDichas transmisiones ser\u00e1n consideradas como notificaciones al usuario.\nINFO@GALLERYCARRILE.ES","protected":false},"excerpt":{"rendered":"<p>RECONOCIMIENTO Y ACEPTACI\u00d3N DE LAS CONDICIONES DE USO: El acceso a este sitio Web, su uso y la compra de cualquiera de los art\u00edculos de Gallerycarrile.es presupone la lectura, el conocimiento y la aceptaci\u00f3n de las presentes Condiciones Generales, en la versi\u00f3n publicada en la presente p\u00e1gina, en el momento en el que usuario acceda [&hellip;]<\/p>\n","protected":false},"author":4,"featured_media":0,"parent":0,"menu_order":0,"comment_status":"closed","ping_status":"closed","template":"","meta":{"footnotes":""},"yoast_head":"<!-- This site is optimized with the Yoast SEO plugin v21.4 - https:\/\/yoast.com\/wordpress\/plugins\/seo\/ -->\n<title>Aviso Legal - Zapatos de marca Gallery Carrile<\/title>\n<meta name=\"robots\" content=\"index, follow, max-snippet:-1, max-image-preview:large, max-video-preview:-1\" \/>\n<link rel=\"canonical\" href=\"https:\/\/www.gallerycarrile.es\/blog-zapatos-marca\/aviso-legal\/\" \/>\n<meta property=\"og:locale\" content=\"es_ES\" \/>\n<meta property=\"og:type\" content=\"article\" \/>\n<meta property=\"og:title\" content=\"Aviso Legal - Zapatos de marca Gallery Carrile\" \/>\n<meta property=\"og:description\" content=\"RECONOCIMIENTO Y ACEPTACI\u00d3N DE LAS CONDICIONES DE USO: El acceso a este sitio Web, su uso y la compra de cualquiera de los art\u00edculos de Gallerycarrile.es presupone la lectura, el conocimiento y la aceptaci\u00f3n de las presentes Condiciones Generales, en la versi\u00f3n publicada en la presente p\u00e1gina, en el momento en el que usuario acceda [&hellip;]\" \/>\n<meta property=\"og:url\" content=\"https:\/\/www.gallerycarrile.es\/blog-zapatos-marca\/aviso-legal\/\" \/>\n<meta property=\"og:site_name\" content=\"Zapatos de marca Gallery Carrile\" \/>\n<meta property=\"article:modified_time\" content=\"2020-06-18T08:09:52+00:00\" \/>\n<meta name=\"twitter:card\" content=\"summary_large_image\" \/>\n<meta name=\"twitter:label1\" content=\"Tiempo de lectura\" \/>\n\t<meta name=\"twitter:data1\" content=\"13 minutos\" \/>\n<script type=\"application\/ld+json\" class=\"yoast-schema-graph\">{\"@context\":\"https:\/\/schema.org\",\"@graph\":[{\"@type\":\"WebPage\",\"@id\":\"https:\/\/www.gallerycarrile.es\/blog-zapatos-marca\/aviso-legal\/\",\"url\":\"https:\/\/www.gallerycarrile.es\/blog-zapatos-marca\/aviso-legal\/\",\"name\":\"Aviso Legal - Zapatos de marca Gallery Carrile\",\"isPartOf\":{\"@id\":\"https:\/\/www.gallerycarrile.es\/blog-zapatos-marca\/#website\"},\"datePublished\":\"2016-07-26T16:41:34+00:00\",\"dateModified\":\"2020-06-18T08:09:52+00:00\",\"breadcrumb\":{\"@id\":\"https:\/\/www.gallerycarrile.es\/blog-zapatos-marca\/aviso-legal\/#breadcrumb\"},\"inLanguage\":\"es\",\"potentialAction\":[{\"@type\":\"ReadAction\",\"target\":[\"https:\/\/www.gallerycarrile.es\/blog-zapatos-marca\/aviso-legal\/\"]}]},{\"@type\":\"BreadcrumbList\",\"@id\":\"https:\/\/www.gallerycarrile.es\/blog-zapatos-marca\/aviso-legal\/#breadcrumb\",\"itemListElement\":[{\"@type\":\"ListItem\",\"position\":1,\"name\":\"Portada\",\"item\":\"https:\/\/www.gallerycarrile.es\/blog-zapatos-marca\/\"},{\"@type\":\"ListItem\",\"position\":2,\"name\":\"Aviso Legal\"}]},{\"@type\":\"WebSite\",\"@id\":\"https:\/\/www.gallerycarrile.es\/blog-zapatos-marca\/#website\",\"url\":\"https:\/\/www.gallerycarrile.es\/blog-zapatos-marca\/\",\"name\":\"Zapatos de marca Gallery Carrile\",\"description\":\"Zapatos de marca, Gallery Carrile es un zapater\u00eda online especializada en calzado de marca y de calidad para una mayor comodidad en los pies.\",\"publisher\":{\"@id\":\"https:\/\/www.gallerycarrile.es\/blog-zapatos-marca\/#organization\"},\"potentialAction\":[{\"@type\":\"SearchAction\",\"target\":{\"@type\":\"EntryPoint\",\"urlTemplate\":\"https:\/\/www.gallerycarrile.es\/blog-zapatos-marca\/?s={search_term_string}\"},\"query-input\":\"required name=search_term_string\"}],\"inLanguage\":\"es\"},{\"@type\":\"Organization\",\"@id\":\"https:\/\/www.gallerycarrile.es\/blog-zapatos-marca\/#organization\",\"name\":\"Gallery Carrile\",\"url\":\"https:\/\/www.gallerycarrile.es\/blog-zapatos-marca\/\",\"logo\":{\"@type\":\"ImageObject\",\"inLanguage\":\"es\",\"@id\":\"https:\/\/www.gallerycarrile.es\/blog-zapatos-marca\/#\/schema\/logo\/image\/\",\"url\":\"https:\/\/www.gallerycarrile.es\/blog-zapatos-marca\/wp-content\/uploads\/apple_touch_icon.png\",\"contentUrl\":\"https:\/\/www.gallerycarrile.es\/blog-zapatos-marca\/wp-content\/uploads\/apple_touch_icon.png\",\"width\":114,\"height\":114,\"caption\":\"Gallery Carrile\"},\"image\":{\"@id\":\"https:\/\/www.gallerycarrile.es\/blog-zapatos-marca\/#\/schema\/logo\/image\/\"}}]}<\/script>\n<!-- \/ Yoast SEO plugin. -->","yoast_head_json":{"title":"Aviso Legal - Zapatos de marca Gallery Carrile","robots":{"index":"index","follow":"follow","max-snippet":"max-snippet:-1","max-image-preview":"max-image-preview:large","max-video-preview":"max-video-preview:-1"},"canonical":"https:\/\/www.gallerycarrile.es\/blog-zapatos-marca\/aviso-legal\/","og_locale":"es_ES","og_type":"article","og_title":"Aviso Legal - Zapatos de marca Gallery Carrile","og_description":"RECONOCIMIENTO Y ACEPTACI\u00d3N DE LAS CONDICIONES DE USO: El acceso a este sitio Web, su uso y la compra de cualquiera de los art\u00edculos de Gallerycarrile.es presupone la lectura, el conocimiento y la aceptaci\u00f3n de las presentes Condiciones Generales, en la versi\u00f3n publicada en la presente p\u00e1gina, en el momento en el que usuario acceda [&hellip;]","og_url":"https:\/\/www.gallerycarrile.es\/blog-zapatos-marca\/aviso-legal\/","og_site_name":"Zapatos de marca Gallery Carrile","article_modified_time":"2020-06-18T08:09:52+00:00","twitter_card":"summary_large_image","twitter_misc":{"Tiempo de lectura":"13 minutos"},"schema":{"@context":"https:\/\/schema.org","@graph":[{"@type":"WebPage","@id":"https:\/\/www.gallerycarrile.es\/blog-zapatos-marca\/aviso-legal\/","url":"https:\/\/www.gallerycarrile.es\/blog-zapatos-marca\/aviso-legal\/","name":"Aviso Legal - Zapatos de marca Gallery Carrile","isPartOf":{"@id":"https:\/\/www.gallerycarrile.es\/blog-zapatos-marca\/#website"},"datePublished":"2016-07-26T16:41:34+00:00","dateModified":"2020-06-18T08:09:52+00:00","breadcrumb":{"@id":"https:\/\/www.gallerycarrile.es\/blog-zapatos-marca\/aviso-legal\/#breadcrumb"},"inLanguage":"es","potentialAction":[{"@type":"ReadAction","target":["https:\/\/www.gallerycarrile.es\/blog-zapatos-marca\/aviso-legal\/"]}]},{"@type":"BreadcrumbList","@id":"https:\/\/www.gallerycarrile.es\/blog-zapatos-marca\/aviso-legal\/#breadcrumb","itemListElement":[{"@type":"ListItem","position":1,"name":"Portada","item":"https:\/\/www.gallerycarrile.es\/blog-zapatos-marca\/"},{"@type":"ListItem","position":2,"name":"Aviso Legal"}]},{"@type":"WebSite","@id":"https:\/\/www.gallerycarrile.es\/blog-zapatos-marca\/#website","url":"https:\/\/www.gallerycarrile.es\/blog-zapatos-marca\/","name":"Zapatos de marca Gallery Carrile","description":"Zapatos de marca, Gallery Carrile es un zapater\u00eda online especializada en calzado de marca y de calidad para una mayor comodidad en los pies.","publisher":{"@id":"https:\/\/www.gallerycarrile.es\/blog-zapatos-marca\/#organization"},"potentialAction":[{"@type":"SearchAction","target":{"@type":"EntryPoint","urlTemplate":"https:\/\/www.gallerycarrile.es\/blog-zapatos-marca\/?s={search_term_string}"},"query-input":"required name=search_term_string"}],"inLanguage":"es"},{"@type":"Organization","@id":"https:\/\/www.gallerycarrile.es\/blog-zapatos-marca\/#organization","name":"Gallery Carrile","url":"https:\/\/www.gallerycarrile.es\/blog-zapatos-marca\/","logo":{"@type":"ImageObject","inLanguage":"es","@id":"https:\/\/www.gallerycarrile.es\/blog-zapatos-marca\/#\/schema\/logo\/image\/","url":"https:\/\/www.gallerycarrile.es\/blog-zapatos-marca\/wp-content\/uploads\/apple_touch_icon.png","contentUrl":"https:\/\/www.gallerycarrile.es\/blog-zapatos-marca\/wp-content\/uploads\/apple_touch_icon.png","width":114,"height":114,"caption":"Gallery Carrile"},"image":{"@id":"https:\/\/www.gallerycarrile.es\/blog-zapatos-marca\/#\/schema\/logo\/image\/"}}]}},"_links":{"self":[{"href":"https:\/\/www.gallerycarrile.es\/blog-zapatos-marca\/wp-json\/wp\/v2\/pages\/5099"}],"collection":[{"href":"https:\/\/www.gallerycarrile.es\/blog-zapatos-marca\/wp-json\/wp\/v2\/pages"}],"about":[{"href":"https:\/\/www.gallerycarrile.es\/blog-zapatos-marca\/wp-json\/wp\/v2\/types\/page"}],"author":[{"embeddable":true,"href":"https:\/\/www.gallerycarrile.es\/blog-zapatos-marca\/wp-json\/wp\/v2\/users\/4"}],"replies":[{"embeddable":true,"href":"https:\/\/www.gallerycarrile.es\/blog-zapatos-marca\/wp-json\/wp\/v2\/comments?post=5099"}],"version-history":[{"count":2,"href":"https:\/\/www.gallerycarrile.es\/blog-zapatos-marca\/wp-json\/wp\/v2\/pages\/5099\/revisions"}],"predecessor-version":[{"id":5999,"href":"https:\/\/www.gallerycarrile.es\/blog-zapatos-marca\/wp-json\/wp\/v2\/pages\/5099\/revisions\/5999"}],"wp:attachment":[{"href":"https:\/\/www.gallerycarrile.es\/blog-zapatos-marca\/wp-json\/wp\/v2\/media?parent=5099"}],"curies":[{"name":"wp","href":"https:\/\/api.w.org\/{rel}","templated":true}]}}